t(s) = -s - 40. Let d(q) = -2*q - 43. Let o(v) = -4*d(v) + 3*t(v). Let x be o(-8). Let y(k) = k + 9. What is y(x)?
21
Let w(l) = l**2 - 7*l + 4. Suppose 18*b = 9*b + 45. Suppose -a = 3*a + 84. Let j be 7 - (-36)/(-5) - a/b. Give w(j).
-8
Let w(q) = -19 + 830*q + 794*q - 1614*q. What is w(5)?
31
Suppose -27 = 11*f - 60. Suppose 6 = 9*w - f. Let u(v) = 4*v**2 - v + 1. Determine u(w).
4
Let j(u) = -2*u + 3. Let n(x) = 3*x - 6. Let i(g) = 9*j(g) + 4*n(g). Let m be (-30)/(-8) - (-67)/268. Give i(m).
-21
Let b(a) = -a**3 + 4*a**2 + 8*a - 9. Let w be b(5). Let k(y) = 6 + y**3 - 2*y - 5*y + w*y + 4. What is k(0)?
10
Let h(j) = j**3 + 4*j**2 - 3. Let n(i) = -4*i**2 - 7*i + 67. Let q be n(6). Let c = -123 - q. What is h(c)?
-3
Let u(s) = -s**3 - 4*s**2 - 5*s. Let i be 2/(20/(-11) - -2). Let z be (-869)/(-143) + 1/(-13). Suppose -z*l + 20 = -i*l. What is u(l)?
20
Let v(q) = 2*q**2 - 6*q - 11. Let k be v(6). Suppose -k*b = -23*b - 4. Let p(a) = 2 + 13*a**2 - 6 - 12*a**b. What is p(3)?
5
Let d(b) be the first derivative of -5*b - 100 + 1/3*b**3 - 9/2*b**2. Calculate d(9).
-5
Let v(y) = y**2 + 22*y + 38. Let q = -14338 - -14316. Calculate v(q).
38
Let o(q) be the first derivative of q**3/3 + 8*q**2 + 2*q - 721. Give o(-5).
-53
Let o(p) = 1399*p - 31 + p**2 - 2*p**2 + 1408*p - 2795*p. Determine o(4).
1
Suppose -14*q = -92 - 48. Suppose 7*f - q*f - 3 = 0. Let x(y) = -17*y**2 - 5*y - 11. Let s(d) = -16*d**2 - 4*d - 9. Let w(m) = 6*s(m) - 5*x(m). What is w(f)?
-11
Suppose 22*q = 23*q + 6. Let j(s) = s**3 + 5*s**2 + 10*s + 9. Determine j(q).
-87
Let b = -874 + 1211. Let a = 342 - b. Let h(r) be the first derivative of -r**3/3 + 4*r**2 - 3*r + 1. Determine h(a).
12
Let m be ((-25)/(-400)*-40)/((-1)/2). Let t(c) = -12 - 5 + 3 + c**3 - 4*c**2 - 5*c + 2. Determine t(m).
-12
Let i(o) = -10*o + 1. Let l = 69 - 67. Suppose -2*m + 8 = -4*k, l*k + 2*k = -2*m + 8. Let q be (-5)/(25/(-15)) - m. Calculate i(q).
11
Suppose -5*o - 6 = f, -12*f = -8*f - 5*o - 51. Let s(l) = 2 + 0 - f*l + 4 - 5. Determine s(3).
-26
Let c(l) = 5 + 10 + 13013*l + 57*l**2 + 3 - 13001*l - 58*l**2. Suppose -11 = -m - i, 5*i - 4*i = -3*m + 37. Give c(m).
5
Suppose -19*c + 33 + 62 = 0. Let i(n) = -1 + 133*n - 271*n + 139*n. Give i(c).
4
Let a(t) = t**3 + 2*t**2 - 19*t - 13. Let j be a(-7). Let u = j + 124. Let k(d) = 5*d**2 - d. What is k(u)?
6
Let w(h) = h**3 + 0*h**3 - 165*h - 2*h**3 + 156*h + 4*h**2 + 0*h**3 + 8. Determine w(3).
-10
Let u(t) = -t**3 - 10*t**2 + 12*t + 13. Let f be u(-11). Let h(b) = 41 + 9*b - b**f + 49 - 98. Determine h(7).
6
Suppose -3*x - 50 = 2*x. Let r(g) = -2*g**2 + 3*g + 1. Let o(j) = -13*j**2 + 10*j + 10. Let v(d) = -o(d) + 6*r(d). Determine v(x).
16
Let h = -21 + -1. Let j = h + 25. Let o(w) = 3*w + w + w + 9 - j*w. Give o(-7).
-5
Let c = 5376 + -5392. Let b(v) = -12*v - 167. What is b(c)?
25
Let h be (-8 + 114/12)/((-2)/(-4)). Let s(z) = 0*z**3 + 2*z**3 - 7*z**h + 38 - z - 36 - 4*z**2. Calculate s(-2).
28
Let c(t) = t - 17. Let m = 8147 - 8135. Calculate c(m).
-5
Let q(p) = -p**2 + 6*p. Let l be q(5). Suppose 0 = 2*z + 2, -2*d + 3*z + 0*z = l. Let g be (d - -2)/(4/(-14)). Let y(v) = v - 7. What is y(g)?
0
Let o(w) = -38*w**2 + 80*w - 5. Let r be o(2). Let q(x) = x**3 - 3*x**2 - 14*x + 41. Determine q(r).
-1
Suppose -2*g + 2*d = 4, -4*d + 10 = -5*g + 5. Let v(m) = -2*m - g*m - 2*m - 4 + 4*m. Calculate v(-6).
14
Let p(g) be the first derivative of 11*g**4/24 + 73*g**2/2 - 77. Let c(y) be the second derivative of p(y). What is c(-1)?
-11
Let g(u) = u**2 - 23*u + 58. Let r be g(27). Let h(c) = 81 + 85 - 3*c - r. Give h(-2).
6
Let z(v) = -17*v + 94. Let h = 628 - 623. Let j be z(h). Let n(c) = c**3 - 9*c**2 - 2*c - 1. Give n(j).
-19
Let y be 0 + ((-50)/(-1))/(-5). Let c(h) = 3 + 470*h + 300*h - 768*h. Determine c(y).
-17
Let v(p) = -p**3 + 6*p**2 - 5*p + 4. Let g(u) = u**2 + 24*u + 49. Suppose 5*b - 125 = 5*r, 0 = 3*r - b + 35 + 34. Let q be g(r). What is v(q)?
4
Suppose 2*a - 18*a - 1104 = 0. Let t = 69 + a. Let y(j) = j**3 - j**2 + j + 11. Give y(t).
11
Suppose r + r = 2*y + 28, 0 = -3*r + 2*y + 40. Let a(w) = 8*w + 28*w**3 - 9*w**2 - r - 27*w**3 + w. Calculate a(8).
-4
Let r(c) = 67*c + 23. Let o(t) = 150*t + 52. Let d(a) = 4*o(a) - 9*r(a). Suppose -4*h + 2*h + n - 8 = 0, 4*n = -8. Give d(h).
16
Let d(l) = l**2 - l - 1. Let q(y) = -51*y**2 + 17 - 3*y + 24*y**2 + 26*y**2. Let k be q(-6). Let h be -4 - k - (-10)/2. Give d(h).
1
Let q = -3355 - -3364. Let v(f) be the second derivative of f**5/20 - 3*f**4/4 - f**3/6 - f**2/2 + 2*f. Give v(q).
-10
Let v(u) = 2*u - 31. Suppose -5*x + 74 = 3*m, 5*x + 2*m + 65 - 141 = 0. Give v(x).
1
Let i(y) = y**3 + y**2 + 7*y + 6. Let l = 4482 + -4482. Calculate i(l).
6
Let a(s) = s + 2. Let r(o) = 2*o**2 - 15*o - 20. Let j(t) = a(t) + r(t). What is j(9)?
18
Let b(g) = g**2 + 4*g - 27. Suppose -3*a + 24 = 4*w + 47, 5*w + 28 = -4*a. What is b(w)?
5
Let w(x) = x**3 + 14*x**2 + 8*x + 23. Suppose -18*j - 7 = -17*j - 2*m, 0 = -j + 12*m + 23. Calculate w(j).
88
Let o(g) = -154*g - 182. Let i(d) = -26*d - 31. Let w(c) = 35*i(c) - 6*o(c). What is w(-1)?
-7
Let w(k) = -3*k**2 + 28*k - 50. Let s(c) = -4*c**2 + 42*c - 76. Let l(a) = -5*s(a) + 7*w(a). Determine l(-16).
-2
Let k(m) = 2*m - 9. Let s(q) = 14*q - 106. Let w(c) = -3*c + 21. Let v(y) = 2*s(y) + 11*w(y). Let r(j) = 7*k(j) + 3*v(j). Give r(-4).
-2
Suppose 70*h + 345 = 39*h - 38*h. Let u(d) = d**2 + 3 - 2 + 7*d**2 + 7*d + d**3. Calculate u(h).
41
Let a(y) = -3*y**2 + 28*y - 16. Let o(j) = j**2 - 210*j + 1034. Let c be o(5). Give a(c).
-7
Suppose 72*w + 1644 = 76*w. Let x(r) = 824 - 7*r - w + 2*r**2 - 412. Determine x(5).
16
Let s(i) be the second derivative of i**8/6720 + i**7/1260 + i**6/360 - i**5/30 + 49*i**4/4 - 6*i + 4. Let k(o) be the third derivative of s(o). What is k(2)?
16
Let f(u) be the first derivative of -u**3/3 - 4*u**2 - 7*u + 558. Let o be 20 + -5 + 5 + -2. Suppose -o = a + 2*a. Give f(a).
5
Let c(m) = -m**2 + 21*m - 12. Let n(v) = -v**2 + 24*v - 13. Let u = 562 + -558. Let o(t) = u*c(t) - 3*n(t). Calculate o(9).
18
Let z(y) = 3*y - 1. Suppose -50 = -26*n + 2. Suppose -4*f - 2*v = -2*f + 12, -8 = 3*f - n*v. Calculate z(f).
-13
Let p(u) = -350*u + 175. Let h(c) = 192*c - 89. Let m(t) = 11*h(t) + 6*p(t). What is m(-7)?
-13
Let q(a) = -a**2 - 9*a + 5. Let n be q(-9). Suppose n*l - 4*l - 54 = -2*g, -76 = -3*g + l. Let c(w) = 1 + 0*w + g*w**2 - 3*w - 39*w**2 + 2*w. What is c(1)?
-13
Suppose 5*o - 2*o - 9 = 0, -5*a - 4*o + 27 = 0. Let d be 1/a - 1*(-2)/(-6). Let q be 1*(d - -1 - 0) - 3. Let c(x) = -5*x + 1. Determine c(q).
11
Let b(q) = -q**2 - 5*q + 6. Suppose -401*y = -406*y - 150. Let d be (y/75)/(2/30). Calculate b(d).
0
Suppose 5*y - 60 = -7*y. Let b be 6/18*15 - y. Let t(k) = k**2 - k - 21. Give t(b).
-21
Let g(r) = 3876*r**2 - 3877*r**2 + 5 + 4 + 8*r. Give g(9).
0
Suppose 4*l - 1 = -5, 138 = 4*k - 2*l. Let u(i) = -28*i - 1 + 54*i + 2*i**2 - k*i - 5. Determine u(6).
18
Let w = 405 + -403. Let u(b) = 6 - 3*b**w + 0 - 6 - 1 - b. Give u(1).
-5
Let n be (-5 - -2)*10/(-15). Suppose n*r = 11*r - 54. Let w(f) = f**3 - 6*f**2 - 3*f + 8. What is w(r)?
-10
Let u(z) = 2*z - z**2 + 3 - 3*z - 6. Suppose 0 = -7*x + 2*x + 3*f + 9, 15 = x - 5*f. Let d be x/(7/((-14)/(-6))). Calculate u(d).
-3
Let r(p) = 3*p**2 - 255*p + 997. Let j be r(4). Let v(b) = -b**2 + 29*b - 18. Determine v(j).
82
Let j be (-1)/((2 - 0) + -3). Let r(i) be the first derivative of i**4/12 + i**3/6 + 51*i**2/2 + 2*i + 93. Let h(k) be the second derivative of r(k). Give h(j).
3
Let l(k) be the first derivative of -k**3/3 - 7*k**2 - 11*k + 158. Give l(-15).
-26
Suppose -7*i = i - 39 - 25. Let m(s) = 2*s**3 - 16*s**2 + 2*s - 26. Determine m(i).
-10
Let s(a) be the second derivative of a**3/6 - 7*a**2/2 - 3*a. Suppose j + 2*d = -2*d + 13, 0 = 5*j + 4*d - 65. Suppose 20*z = j*z. Calculate s(z).
-7
Let p(d) = 84*d - 3 - 4*d - 76*d + 20*d**2. What is p(1)?
21
Let p(w) = 366 + 385 + 388 + 378 + 8*w - 1475. Determine p(-4).
10
Suppose -8*d + 38 = -50. Let v(o) = -11 - 12 - d - 2*o + 33 + 3*o + o**2. Calculate v(3).
11
Let v(d) = -239 + 2*d**2 + 242 + 3*d - 6*d**2. Suppose -5*g = -n - 20, 6*n = -5*g + 2*n - 5. Calculate v(g).
-24
Suppose 167 - 125 = -2*f. Let y be f/(-15) - 351/65. Let x(u) = u**2 + 11*u + 5. Give x(y).
-23
Let h = 